se
Is 389860651 composite?
True
Is 150193915954 composite?
True
Is 2282855459 composite?
False
Is 784975379 a prime number?
True
Is 126909760127 a composite number?
False
Is 475508731 prime?
False
Is 16323271117 prime?
False
Is 1554052999 a prime number?
False
Is 24559147663 prime?
False
Is 12330931 prime?
False
Is 913741883 prime?
True
Is 1348061987 a prime number?
True
Is 1368828823 composite?
False
Is 236676587 composite?
True
Is 1754059101 composite?
True
Is 9223355522 prime?
False
Is 3598782767 a composite number?
False
Is 24611625869 a prime number?
False
Is 486971911 prime?
False
Is 297593423 a composite number?
False
Is 21856879981 prime?
True
Is 32769719051 a composite number?
True
Is 4763164999 a prime number?
False
Is 36931124417 a composite number?
True
Is 4301359357 prime?
False
Is 997820539 prime?
True
Is 4411053863 prime?
True
Is 494821709 prime?
True
Is 2638697141 a composite number?
True
Is 10977192661 a composite number?
False
Is 1580620627 composite?
True
Is 89580197159 prime?
True
Is 1529569787 a prime number?
False
Is 97417199909 prime?
True
Is 20188649333 prime?
True
Is 184153883 a composite number?
False
Is 11940109 prime?
True
Is 742904363 a composite number?
False
Is 76039462 composite?
True
Is 16525141837 a composite number?
True
Is 10043289979 composite?
False
Is 8158764241 a prime number?
False
Is 3574701839 prime?
True
Is 93832256701 prime?
True
Is 1761243485 prime?
False
Is 13935371105 a composite number?
True
Is 788327899 a composite number?
True
Is 115866236401 composite?
False
Is 45523824287 composite?
False
Is 29006717 a prime number?
True
Is 81213865121 prime?
False
Is 38932616867 a prime number?
True
Is 21361893979 prime?
True
Is 58195583 a composite number?
False
Is 2368073173 a composite number?
True
Is 2152547153 prime?
True
Is 14445243235 a prime number?
False
Is 5847724489 composite?
False
Is 2189705137 composite?
True
Is 806342153 prime?
False
Is 688708973 a composite number?
False
Is 96853091 a composite number?
True
Is 6118485397 a composite number?
True
Is 144352162 a composite number?
True
Is 44589955199 composite?
True
Is 7398486611 prime?
False
Is 1606199537 prime?
False
Is 1260228529 a composite number?
True
Is 5892331723 a composite number?
True
Is 100296101 a composite number?
False
Is 29362808707 prime?
False
Is 83032657537 prime?
False
Is 9147059407 composite?
True
Is 182216297 a composite number?
False
Is 2821957283 a prime number?
True
Is 199608239 prime?
True
Is 3675005807 composite?
True
Is 23132824807 composite?
False
Is 13642583882 composite?
True
Is 116741471299 prime?
True
Is 33883123 a composite number?
False
Is 364470889 composite?
True
Is 322739548913 composite?
False
Is 14596505785 a composite number?
True
Is 43642164287 a composite number?
True
Is 528700597 composite?
False
Is 150613742467 prime?
True
Is 1759807963 a composite number?
False
Is 5805606133 composite?
False
Is 1259928507 composite?
True
Is 25529948105 a composite number?
True
Is 7472537309 a prime number?
True
Is 35188528249 a composite number?
True
Is 77723975071 prime?
True
Is 20222637151 a composite number?
True
Is 3723863135 a prime number?
False
Is 487622957 composite?
False
Is 315743927 composite?
False
Is 15617963 a prime number?
False
Is 12611107798 a composite number?
True
Is 24404956663 a prime number?
True
Is 182288789 prime?
False
Is 10760411699 composite?
False
Is 6049733737 a prime number?
False
Is 5640610607 a composite number?
False
Is 2777154319 prime?
True
Is 223134733 a prime number?
False
Is 6059720269 composite?
False
Is 202536773 prime?
True
Is 1439862197 composite?
False
Is 279136529 composite?
True
Is 311936126 composite?
True
Is 48346202537 prime?
False
Is 117091305391 prime?
False
Is 19388858837 prime?
True
Is 4598407631 prime?
True
Is 2464312471 a prime number?
True
Is 85146223 a prime number?
True
Is 2802315029 a prime number?
False
Is 4427747719 composite?
False
Is 13318215247 a composite number?
True
Is 43757887 prime?
True
Is 22267428241 a composite number?
False
Is 716274967 a composite number?
False
Is 38370331 a prime number?
False
Is 21331856243 prime?
True
Is 28973022071 a composite number?
True
Is 86308141919 prime?
True
Is 44630279 composite?
False
Is 19718809969 a composite number?
False
Is 2041097159 a prime number?
False
Is 3841421119 a composite number?
False
Is 30742341809 prime?
True
Is 1093490773 composite?
True
Is 37314552977 a composite number?
True
Is 387350687 a prime number?
True
Is 67752127 a composite number?
True
Is 2681287 composite?
True
Is 22568454833 prime?
False
Is 100323397 a prime number?
True
Is 1149010441 composite?
True
Is 4489046857 composite?
False
Is 794386211 a prime number?
True
Is 13616858111 a composite number?
True
Is 1712733679 a composite number?
False
Is 10569276761 prime?
False
Is 4324527937 a prime number?
False
Is 907614161 a prime number?
True
Is 17908265509 a prime number?
True
Is 4851352651 composite?
False
Is 2980735573 composite?
True
Is 9821495521 a composite number?
True
Is 49068137423 a prime number?
False
Is 95397187367 composite?
False
Is 585331759 composite?
True
Is 17982805381 prime?
False
Is 1092426913 a composite number?
False
Is 11889863653 a prime number?
True
Is 1274927249 prime?
True
Is 33571841053 a prime number?
True
Is 309864619 composite?
True
Is 3431961235 a composite number?
True
Is 217576057 a composite number?
False
Is 3705066863 a prime number?
False
Is 2683605913 a prime number?
True
Is 73013497 a prime number?
False
Is 268475017 prime?
False
Is 37121839459 composite?
True
Is 119117394917 prime?
True
Is 326880338 composite?
True
Is 204910583 a composite number?
False
Is 2237581319 a composite number?
True
Is 136065207 a prime number?
False
Is 44240883763 a composite number?
True
Is 671322481 composite?
False
Is 294363414627 a composite number?
True
Is 27510041479 prime?
True
Is 308872009 a prime number?
False
Is 953645129 composite?
False
Is 230994163 composite?
False
Is 21386266301 composite?
True
Is 18831304922 a prime number?
False
Is 8988721051 prime?
True
Is 1066680743 prime?
True
Is 746726779 prime?
True
Is 166846159 prime?
False
Is 160760059 prime?
True
Is 9564096337 a composite number?
False
Is 730040071 a prime number?
True
Is 5907358471 prime?
False
Is 495445939 prime?
False
Is 23281320773 prime?
False
Is 1925969761 composite?
True
Is 1044629297 prime?
True
Is 6601638613 a prime number?
True
Is 14373233177 prime?
True
Is 57527974507 composite?
False
Is 2497235941 a composite number?
False
Is 1303727123 a composite number?
True
Is 249132207 a composite number?
True
Is 9601813771 a prime number?
False
Is 138323383 composite?
True
Is 1154935181 a composite number?
False
Is 2450518673 a prime number?
False
Is 14914004593 prime?
True
Is 738799511 a composite number?
False
Is 168197277257 prime?
True
Is 3385776739 a composite number?
False
Is 25806359 a prime number?
True
Is 554422405 a prime number?
False
Is 29699102603 a prime number?
False
Is 2678361041 composite?
False
Is 43935519949 a composite number?
True
Is 8815388413 a prime number?
False
Is 968775359 prime?
True
Is 2541100426 composite?
True
Is 37221511 a prime number?
False
Is 81387884447 composite?
False
Is 33273454793 a prime number?
True
Is 13233189809 a composite number?
True
Is 2259872137 composite?
True
Is 15604274281 composite?
True
Is 3057333379 a prime number?
False
Is 5713330661 a composite number?
False
Is 1319711280739 a composite number?
False
Is 5411396135 prime?
False
Is 1680562601 a composite number?
True
Is 16789180029 a composite number?
True
Is 11470400065 a composite number?
True
Is 7492249139 a prime number?
False
Is 3975250181 prime?
False
Is 212341279 a composite number?
False
Is 31732364077 a prime number?
True
Is 352508581 a composite number?
False
Is 5868184639 composite?
False
Is 665679463 composite?
False
Is 138961487521 a prime number?
True
Is 19646700949 a composite number?
False
Is 610119823 prime?
True
Is 209028293 a composite number?
False
Is 23597059547 a prime number?
True
Is 11764823893 a prime number?
True
Is 4776179381 a prime number?
False
Is 48607963309 prime?
False
Is 2326669937 a prime number?
False
Is 3264205489 a composite number?
True
Is 17608991033 a composite number?
False
Is 1244837977 a prime n